, 239
What are the prime factors of 3329?
3329
List the prime factors of 241.
241
List the prime factors of 50990.
2, 5, 5099
What are the prime factors of 208?
2, 13
What are the prime factors of 307?
307
What are the prime factors of 117666?
2, 3, 2179
What are the prime factors of 33099?
3, 11, 17, 59
List the prime factors of 892.
2, 223
List the prime factors of 1046.
2, 523
What are the prime factors of 3?
3
List the prime factors of 201.
3, 67
List the prime factors of 2858.
2, 1429
List the prime factors of 18050.
2, 5, 19
List the prime factors of 4937.
4937
What are the prime factors of 5016?
2, 3, 11, 19
List the prime factors of 705.
3, 5, 47
What are the prime factors of 272?
2, 17
List the prime factors of 510.
2, 3, 5, 17
What are the prime factors of 1162?
2, 7, 83
What are the prime factors of 164?
2, 41
List the prime factors of 4658.
2, 17, 137
What are the prime factors of 993?
3, 331
List the prime factors of 4636.
2, 19, 61
List the prime factors of 6627.
3, 47
What are the prime factors of 6400?
2, 5
List the prime factors of 17397.
3, 1933
List the prime factors of 261.
3, 29
List the prime factors of 1140.
2, 3, 5, 19
List the prime factors of 52674.
2, 3, 8779
List the prime factors of 7571.
67, 113
What are the prime factors of 6784?
2, 53
What are the prime factors of 23223?
3, 7741
What are the prime factors of 163?
163
List the prime factors of 1728.
2, 3
List the prime factors of 15262.
2, 13, 587
List the prime factors of 3221.
3221
What are the prime factors of 15447?
3, 19, 271
List the prime factors of 5750.
2, 5, 23
List the prime factors of 415.
5, 83
List the prime factors of 679.
7, 97
What are the prime factors of 134499?
3, 107, 419
What are the prime factors of 1803?
3, 601
What are the prime factors of 45813?
3, 15271
What are the prime factors of 3896?
2, 487
List the prime factors of 5156.
2, 1289
List the prime factors of 620.
2, 5, 31
What are the prime factors of 18960?
2, 3, 5, 79
List the prime factors of 2236.
2, 13, 43
List the prime factors of 9076.
2, 2269
List the prime factors of 12938.
2, 6469
List the prime factors of 14910.
2, 3, 5, 7, 71
List the prime factors of 3636.
2, 3, 101
List the prime factors of 5049.
3, 11, 17
What are the prime factors of 41884?
2, 37, 283
List the prime factors of 39114.
2, 3, 41, 53
List the prime factors of 52857.
3, 7, 839
What are the prime factors of 147176?
2, 18397
What are the prime factors of 11525?
5, 461
List the prime factors of 230.
2, 5, 23
What are the prime factors of 3535?
5, 7, 101
What are the prime factors of 41801?
41801
What are the prime factors of 5540?
2, 5, 277
List the prime factors of 798.
2, 3, 7, 19
List the prime factors of 105.
3, 5, 7
What are the prime factors of 6589?
11, 599
What are the prime factors of 6460?
2, 5, 17, 19
List the prime factors of 1039.
1039
What are the prime factors of 8795?
5, 1759
List the prime factors of 2031.
3, 677
List the prime factors of 1956.
2, 3, 163
List the prime factors of 48447.
3, 7, 769
List the prime factors of 2251.
2251
What are the prime factors of 23411?
41, 571
What are the prime factors of 228?
2, 3, 19
What are the prime factors of 28205?
5, 5641
What are the prime factors of 1934?
2, 967
List the prime factors of 24423.
3, 7, 1163
What are the prime factors of 23706?
2, 3, 439
What are the prime factors of 22190?
2, 5, 7, 317
List the prime factors of 18160.
2, 5, 227
What are the prime factors of 2426?
2, 1213
List the prime factors of 16632.
2, 3, 7, 11
What are the prime factors of 104927?
317, 331
What are the prime factors of 7349?
7349
List the prime factors of 69088.
2, 17, 127
What are the prime factors of 14513?
23, 631
What are the prime factors of 61?
61
What are the prime factors of 1620?
2, 3, 5
What are the prime factors of 3068?
2, 13, 59
What are the prime factors of 189224?
2, 7, 31, 109
List the prime factors of 1600.
2, 5
List the prime factors of 35688.
2, 3, 1487
List the prime factors of 2780.
2, 5, 139
What are the prime factors of 6594?
2, 3, 7, 157
What are the prime factors of 10865?
5, 41, 53
What are the prime factors of 362?
2, 181
List the prime factors of 6673.
6673
List the prime factors of 5684.
2, 7, 29
List the prime factors of 17301.
3, 73, 79
List the prime factors of 61.
61
List the prime factors of 2600.
2, 5, 13
What are the prime factors of 6491?
6491
What are the prime factors of 13599?
3, 1511
What are the prime factors of 844?
2, 211
List the prime factors of 2114.
2, 7, 151
List the prime factors of 1098.
2, 3, 61
What are the prime factors of 69609?
3, 23203
What are the prime factors of 2807?
7, 401
List the prime factors of 64278.
2, 3, 3571
List the prime factors of 51.
3, 17
What are the prime factors of 2652?
2, 3, 13, 17
List the prime factors of 11036.
2, 31, 89
What are the prime factors of 5848?
2, 17, 43
List the prime factors of 13537.
13537
What are the prime factors of 48375?
3, 5, 43
List the prime factors of 7660.
2, 5, 383
What are the prime factors of 2953?
2953
What are the prime factors of 2295?
3, 5, 17
What are the prime factors of 14711?
47, 313
What are the prime factors of 3980?
2, 5, 199
What are the prime factors of 30907?
31, 997
What are the prime factors of 538?
2, 269
What are the prime factors of 11727?
3, 1303
List the prime factors of 4170.
2, 3, 5, 139
List the prime factors of 19311.
3, 41, 157
What are the prime factors of 79245?
3, 5, 587
What are the prime factors of 1450?
2, 5, 29
What are the prime factors of 2096?
2, 131
List the prime factors of 714.
2, 3, 7, 17
List the prime factors of 24480.
2, 3, 5, 17
What are the prime factors of 11037?
3, 13, 283
What are the prime factors of 4730?
2, 5, 11, 43
List the prime factors of 96979.
96979
What are the prime factors of 668?
2, 167
List the prime factors of 111253.
111253
List the prime factors of 983.
983
What are the prime factors of 831?
3, 277
What are the prime factors of 997?
997
What are the prime factors of 1334?
2, 23, 29
What are the prime factors of 26794?
2, 13397
List the prime factors of 36258.
2, 3, 6043
What are the prime factors of 35985?
3, 5, 2399
List the prime factors of 890.
2, 5, 89
What are the prime factors of 22330?
2, 5, 7, 11, 29
List the prime factors of 21703.
11, 1973
List the prime factors of 7627.
29, 263
List the prime factors of 120263.
11, 13, 29
What are the prime factors of 3947?
3947
What are the prime factors of 4889?
4889
List the prime factors of 22965.
3, 5, 1531
List the prime factors of 14209.
13, 1093
What are the prime factors of 98?
2, 7
What are the prime factors of 36168?
2, 3, 11, 137
List the prime factors of 2955.
3, 5, 197
What are the prime factors of 21768?
2, 3, 907
List the prime factors of 1349.
19, 71
List the prime factors of 534.
2, 3, 89
List the prime factors of 4926.
2, 3, 821
What are the prime factors of 50789?
50789
What are the prime factors of 17951?
29, 619
List the prime factors of 1133.
11, 103
What are the prime factors of 39608?
2, 4951
What are the prime factors of 6949?
6949
What are the prime factors of 72770?
2, 5, 19, 383
List the prime factors of 12950.
2, 5, 7, 37
What are the prime factors of 50448?
2, 3, 1051
What are the prime factors of 121189?
121189
List the prime factors of 2746.
2, 1373
List the prime factors of 3331.
3331
List the prime factors of 1221.
3, 11, 37
List the prime factors of 30308.
2, 7577
List the prime factors of 5561.
67, 83
List the prime factors of 2753.
2753
List the prime factors of 931.
7, 19
What are the prime factors of 2556?
2, 3, 71
List the prime factors of 10698.
2, 3, 1783
List the prime factors of 12617.
11, 31, 37
What are the prime factors of 6779?
6779
List the prime factors of 2783.
11, 23
What are the prime factors of 64740?
2, 3, 5, 13, 83
What are the prime factors of 29003?
13, 23, 97
List the prime factors of 46907.
7, 6701
List the prime factors of 456.
2, 3, 19
What are the prime factors of 87445?
5, 17489
What are the prime factors of 83838?
2, 3, 89, 157
List the prime factors of 41823.
3, 1549
What are the prime factors of 629?
17, 37
What are the prime factors of 8852?
2, 2213
List the prime factors of 376.
2, 47
List the prime factors of 8102.
2, 4051
What are the prime factors of 20842?
2, 17, 613
W